c(-6)?
10
Let v(t) = -t**3 + 15*t**2 + 16*t - 24. Determine v(16).
-24
Let c(v) = -v**3 - 15*v**2 + 17*v + 14. What is c(-16)?
-2
Let r(f) = -33*f + 17. Determine r(-1).
50
Let b(d) = -80*d**2 + 3*d + 2. Calculate b(-1).
-81
Let i(y) = y**3 + 9*y**2 + 7*y + 15. Calculate i(-7).
64
Let s(w) = -3*w**3 + w**2 - 7*w - 4. What is s(-2)?
38
Let b(z) = z - 17. What is b(8)?
-9
Let d(h) = 20*h + 1. What is d(1)?
21
Let w(d) = -d**3 - 2*d**2 + 5*d + 2. What is w(2)?
-4
Let a(n) = n**3 - 8*n**2 - n + 50. Give a(7).
-6
Let v(u) = 2*u - 15. Determine v(18).
21
Let t(k) = -k**3 + 9*k**2 + 16*k - 61. What is t(10)?
-1
Let s(v) = v**3 + 11*v**2 - 6*v + 38. Give s(-11).
104
Let r(u) = 11*u - 16. Calculate r(2).
6
Let v(z) = z**2 + 6*z + 12. What is v(-17)?
199
Let f(z) = 73*z**2 + 3*z - 2. Give f(1).
74
Let y(w) = w**3 + 13*w**2 - 18*w - 49. What is y(-14)?
7
Let k(j) = j**3 - 26*j**2 + 107*j - 41. Give k(21).
1
Let m(d) = -d**3 - 8*d**2 - d - 1. Calculate m(-8).
7
Let d(n) = 2*n + 1. What is d(-1)?
-1
Let z(s) = -s**2 + 30*s + 69. Calculate z(30).
69
Let s(m) = m**3 - 6*m**2 + m + 8. Calculate s(4).
-20
Let n(j) = j - 2. What is n(0)?
-2
Let g(w) = w**3 - 5*w**2 - 6*w - 2. What is g(6)?
-2
Let j(n) = -2*n**2 + 27*n + 8. Calculate j(0).
8
Let n(s) = -s**2 - 5*s + 14. Give n(5).
-36
Let a(k) = -k**2 - 1. Calculate a(1).
-2
Let w(k) = 3*k**2 + 15*k + 3. Determine w(-7).
45
Let c(k) = -k**3 + 9*k**2 + 7*k + 13. Determine c(10).
-17
Let g(n) = n**3 + 22*n**2 + 42*n + 67. Determine g(-20).
27
Let h(v) = 11*v**3 + 2*v**2 + 7*v + 5. Calculate h(-1).
-11
Let d(g) = -5*g - 127. Give d(-16).
-47
Let m(p) = p**3 + 25*p**2 + 21*p - 69. Calculate m(-24).
3
Let k(f) = 13*f**2 + 12*f - 4. Determine k(-2).
24
Let n(v) = v**2 + 7*v + 16. Determine n(-5).
6
Let q(f) = -f**3 + 2*f**2 - 2*f - 2. Calculate q(2).
-6
Let g(j) = j. Determine g(-12).
-12
Let o(l) = -3*l**2 - 161*l + 41. Determine o(-54).
-13
Let w(x) = x**2 - 9*x + 1. What is w(7)?
-13
Let s(h) = h**3 + 54*h**2 + 57*h + 206. What is s(-53)?
-6
Let l(d) = -4*d + 43. What is l(13)?
-9
Let r(b) = b**3 - 13*b**2 + 3*b + 1. Calculate r(13).
40
Let g(j) = j**3 - 16*j**2 + 14*j + 40. Give g(15).
25
Let q(j) = -j**2 + 12*j - 24. Calculate q(8).
8
Let j(v) = v**2 - 14*v + 8. Calculate j(9).
-37
Let j(y) = y**2 - 2*y + 6. Determine j(5).
21
Let l(k) = -11*k + 319. Give l(29).
0
Let c(r) = r**3 - 13*r**2 + 11*r + 9. What is c(12)?
-3
Let o(w) = 22*w**2 + 2*w - 1. Calculate o(1).
23
Let f(h) = h**2 - 10*h + 12. What is f(9)?
3
Let m(r) = -r**2 + 5. Determine m(0).
5
Let s(u) = -u**3 - 18*u**2 - 17*u - 25. What is s(-17)?
-25
Let u(j) = -6*j - 11. Give u(-5).
19
Let g(f) = f**3 + 9*f**2 + 9*f + 8. Determine g(-7).
43
Let m(l) = -3*l**2 - 3*l - 6. Give m(-4).
-42
Let u(q) = 9*q - 496. What is u(56)?
8
Let t(l) = l**3 - 11*l**2 + l - 10. Give t(11).
1
Let g(i) = 2*i**2 - 3*i + 7. Calculate g(2).
9
Let x(v) = 45*v + 86. Give x(-2).
-4
Let m(z) = -z + 10. Determine m(7).
3
Let z(y) = -2*y**3 + 13*y**2 + y - 7. Determine z(0).
-7
Let k(x) = 37*x**3 + 2*x**2 - 2*x + 1. Give k(1).
38
Let w(a) = 28*a + 425. Determine w(-15).
5
Let w(c) = -c**3 + 5*c**2 + 14*c - 11. What is w(7)?
-11
Let w(s) = s**2 - 9*s - 18. Determine w(9).
-18
Let k(s) = -79*s + 708. Give k(9).
-3
Let i(f) = -5*f**3 - f + 1. Determine i(1).
-5
Let p(j) = j**3 - 7*j**2 + 13*j - 21. What is p(5)?
-6
Let t(b) = -b**2 - 21*b - 24. Determine t(-20).
-4
Let b(h) = 9*h + 4. Give b(6).
58
Let w(m) = -22*m**3 + 2*m - 2. Give w(1).
-22
Let n(p) = 33*p - 219. Calculate n(7).
12
Let a(n) = n**3 - n**2 - n + 49. Calculate a(0).
49
Let y(p) = p**2 - 13*p + 1. What is y(13)?
1
Let h(w) = -w**3 + 28*w**2 - 28*w + 51. What is h(27)?
24
Let x(a) = a**3 + 5*a**2 - 5*a + 1. What is x(-6)?
-5
Let v(m) = -m**2 + 31*m - 70. What is v(29)?
-12
Let i(s) = -s**3 - 25*s**2 - 21*s + 66. What is i(-24)?
-6
Let v(m) = -2*m**2 + 27*m + 22. Calculate v(12).
58
Let b(z) = -z**3 + 8*z**2 + 2*z - 6. What is b(6)?
78
Let u(b) = -b**3 + 7*b**2 - 10*b. Determine u(3).
6
Let o(k) = -k**2 - 7*k + 17. Give o(-9).
-1
Let z(o) = 7*o + 36. Give z(-9).
-27
Let t(s) = -s**3 - 16*s**2 + 37*s + 19. Determine t(-18).
1
Let f(s) = -9*s. Give f(-1).
9
Let r(s) = 10*s**3 + 2*s**2 - 3*s + 1. Give r(2).
83
Let q(g) = -8*g + 57. Calculate q(7).
1
Let q(r) = -3*r**2 + 27*r + 7. Give q(9).
7
Let d(m) = 24*m - 73. Calculate d(3).
-1
Let b(y) = y**2 + 10*y + 10. Calculate b(-8).
-6
Let y(w) = w**2 - 8*w. Calculate y(7).
-7
Let m(s) = -14*s - 6. Give m(-6).
78
Let d(a) = a**2 + 18*a + 18. Calculate d(-8).
-62
Let y(h) = h**2 + 8*h - 16. Determine y(-5).
-31
Let t(l) = 26*l - 50. What is t(4)?
54
Let b(c) = -c**3 + 40*c**2 - 7. Determine b(40).
-7
Let d(t) = -t**2 - 21*t - 106. What is d(-10)?
4
Let j(v) = -18*v - 3. Determine j(-2).
33
Let s(x) = x**2 - 3*x - 20. Give s(7).
8
Let f(x) = 2*x**2 - 3*x + 5. Calculate f(2).
7
Let p(c) = -2*c**2 + 24*c - 12. Give p(8).
52
Let s(k) = -k**3 + 17*k**2 - 15*k - 19. What is s(16)?
-3
Let q(p) = -p**2 - 17*p + 89. Determine q(-20).
29
Let a(y) = 6*y**2 - 5. Calculate a(-2).
19
Let d(w) = -4*w - 2. Determine d(-2).
6
Let t(m) = 3*m + 13. What is t(-4)?
1
Let w(z) = 4*z**2 + 2*z + 3. Determine w(-1).
5
Let r(z) = -z**2 - 61*z + 561. Calculate r(8).
9
Let h(w) = 5*w - 32. Determine h(2).
-22
Let p(k) = -k**3 + 20*k**2 - 18*k - 26. What is p(19)?
-7
Let i(s) = 7*s + 515. Determine i(-72).
11
Let d(q) = q**2 - 12*q - 3. Calculate d(12).
-3
Let u(x) = -10*x - 92. What is u(-12)?
28
Let m(i) = 3*i**2 + 4*i + 1. Determine m(4).
65
Let d(l) = l + 11. Give d(-5).
6
Let m(i) = i**2 - 9*i - 8. Determine m(8).
-16
Let h(a) = -a**2 - 11*a + 20. Determine h(-13).
-6
Let d(a) = -18*a**2 + 2. What is d(2)?
-70
Let b(i) = i**3 - 5*i**2 - 5*i + 1. Give b(5).
-24
Let o(n) = -n**3 - 9*n**2 - 11*n - 12. What is o(-8)?
12
Let x(g) = g**3 + g - 26. What is x(0)?
-26
Let r(s) = 2*s + 55. Give r(-28).
-1
Let r(k) = 17*k + 1. Calculate r(2).
35
Let u(a) = 7*a**2 - 30*a + 6. Determine u(4).
-2
Let l(o) = o**3 + o**2 - o. Give l(0).
0
Let n(s) = 16*s**2 + 125*s - 3. Calculate n(-8).
21
Let x(f) = f**2 + 9*f - 7. Give x(-13).
45
Let z(x) = x**3 - 12*x**2 + 15. What is z(12)?
15
Let s(p) = 4*p**3 + 19*p**2 - 14*p - 21. Calculate s(-5).
24
Let p(m) = m**2 - 10*m - 26. What is p(9)?
-35
Let c(s) = -s**2 - 23*s - 17. What is c(-16)?
95
Let p(s) = -2*s**2 + 14*s + 7. Calculate p(8).
-9
Let o(x) = -3*x**2 + 21*x - 18. Give o(6).
0
Let s(x) = x**3 - 54*x**2 + 55*x - 113. Determine s(53).
-7
Let a(g) = g**3 - 2*g - 2. Calculate a(-1).
-1
Let x(y) = -2*y**2 - y - 4. Determine x(2).
-14
Let y(d) = d**3 + 7*d**2 - 10*d - 15. Calculate y(-8).
1
Let q(f) = f**2 + 15*f + 38. Calculate q(-3).
2
Let r(s) = -s + 5. Calculate r(-6).
11
Let m(i) = -i - 23. Give m(-26).
3
Let f(a) = 10*a**2 + 4*a + 3. Determine f(-2).
35
Let z(v) = 11*v + 9. Give z(-7).
-68
Let p(n) = -7*n + 4. Determine p(-2).
18
Let w(s) = s**2 - 27*s + 29. Determine w(10).
-141
Let a(l) = -3*l**3 + 5*l**2 + 7*l - 23. Determine a(2).
-13
Let x(w) = 26*w - 3. Determine x(-1).
-29
Let a(c) = -c**2 + 22*c - 20. Calculate a(21).
1
Let x(l) = 9*l + 440. Calculate x(-47).
17
Let u(r) = r**3 - 17*r**2 - 44*r + 103. Determine u(19).
-11
Let f(o) = 8*o - 17. What is f(6)?
31
Let n(s) = -s**3 + 13*s**2 - 5*s + 59. Calculate n(13).
-6
Let m(r) = 2*r**2 + 13*r + 46. Determine m(-13).
215
Let w(n) = n**2 - 21*n + 33. Calculate w(14).
-65
Let t(r) = -13*r + 21. Determine t(1).
8
Let j(s) = -s**3 + 5*s**2 + 5*s + 1. Calculate j(4).
37
Let u(s) = 8*s**3 - 2*s**2 - 4*s + 5. Give u(2).
53
Let w(n) = 2*n**3 - 19*n**2 + 5*n + 42. Determine w(9).
6
Let a(w) = w**2 + 15*w + 13. Determine a(-7).
-43
Let p(a) = -18*a + 19. Give p(0).
19
Let z(c) = -3*c + 7. Calculate z(9).
-20
Let d(k) = -k - 21. Give d(9).
-30
Let r(o) = -o**3 + 4*o**2 - 7*o + 6. Determine r(3).
-6
Let i(l) = -2*l**3 - 10*l**2 + 12*l + 25. What is i(-5)?
-35
Let n(x) = 4*x**2 + 55*x + 39. Calculate n(-13).
0
Let v(d) = d**3 - 14*d**2 + 13*d - 7. Give v(13).
-7
Let p(r) = 4*r + 9. Determine p(-3).
-3
Let f(j) = 4*j - 1. Calculate f(4).
15
Let g(p) = -2*p**2 + 20*p - 14. Give g(15).
-164
Let p(x) = -x**3 - 13*x**2 + x - 5. Give p(-13).
-18
Let v(p) = p**2 + 20*p + 66. Give v(-15).
-9
Let t(u) = u**2 + 3*u. Determine t(-4